 is the units digit of 9306340?
0
What is the hundreds digit of 204118?
1
What is the units digit of 2017846?
6
What is the hundreds digit of 8745948?
9
What is the tens digit of 81185?
8
What is the ten millions digit of 16603935?
1
What is the hundreds digit of 39006240?
2
What is the units digit of 674314?
4
What is the units digit of 836415?
5
What is the tens digit of 3114130?
3
What is the ten thousands digit of 842914?
4
What is the hundred thousands digit of 2621564?
6
What is the ten thousands digit of 2050761?
5
What is the units digit of 35204274?
4
What is the tens digit of 1040523?
2
What is the hundred thousands digit of 326356?
3
What is the hundreds digit of 44604228?
2
What is the thousands digit of 431606?
1
What is the hundred thousands digit of 1310573?
3
What is the hundred thousands digit of 22559208?
5
What is the units digit of 1798953?
3
What is the thousands digit of 1221955?
1
What is the ten thousands digit of 381268?
8
What is the hundred thousands digit of 243583?
2
What is the thousands digit of 59463?
9
What is the hundreds digit of 5588327?
3
What is the ten thousands digit of 95234?
9
What is the ten thousands digit of 7433631?
3
What is the units digit of 2471406?
6
What is the millions digit of 3164509?
3
What is the ten thousands digit of 10854282?
5
What is the hundred thousands digit of 35986716?
9
What is the hundreds digit of 668454?
4
What is the tens digit of 1336835?
3
What is the millions digit of 17511086?
7
What is the units digit of 411638?
8
What is the hundred thousands digit of 6595252?
5
What is the hundred thousands digit of 1013430?
0
What is the millions digit of 3057684?
3
What is the hundreds digit of 336232?
2
What is the hundreds digit of 1642998?
9
What is the hundred thousands digit of 17577082?
5
What is the ten thousands digit of 8526262?
2
What is the hundreds digit of 2212144?
1
What is the thousands digit of 219472?
9
What is the units digit of 526773?
3
What is the thousands digit of 19517909?
7
What is the thousands digit of 28477433?
7
What is the hundreds digit of 2076829?
8
What is the hundreds digit of 869721?
7
What is the units digit of 530614?
4
What is the thousands digit of 71388?
1
What is the hundred thousands digit of 4507998?
5
What is the ten millions digit of 26513752?
2
What is the units digit of 1042155?
5
What is the hundreds digit of 19717?
7
What is the thousands digit of 1682770?
2
What is the hundreds digit of 2027274?
2
What is the hundreds digit of 31387517?
5
What is the hundreds digit of 759184?
1
What is the millions digit of 5213162?
5
What is the ten thousands digit of 294273?
9
What is the millions digit of 18490381?
8
What is the ten thousands digit of 519497?
1
What is the ten thousands digit of 235963?
3
What is the thousands digit of 4519300?
9
What is the millions digit of 1223935?
1
What is the ten thousands digit of 19272287?
7
What is the units digit of 12293748?
8
What is the units digit of 482625?
5
What is the units digit of 349799?
9
What is the hundreds digit of 366785?
7
What is the hundred thousands digit of 638439?
6
What is the hundred thousands digit of 574688?
5
What is the units digit of 641470?
0
What is the hundreds digit of 3001870?
8
What is the units digit of 1296492?
2
What is the tens digit of 1984458?
5
What is the hundreds digit of 9453330?
3
What is the tens digit of 2523435?
3
What is the hundred thousands digit of 1081387?
0
What is the tens digit of 903480?
8
What is the thousands digit of 7618574?
8
What is the units digit of 2565381?
1
What is the hundreds digit of 1755454?
4
What is the tens digit of 1029789?
8
What is the units digit of 14977517?
7
What is the ten thousands digit of 1340676?
4
What is the tens digit of 84792?
9
What is the ten millions digit of 13703002?
1
What is the tens digit of 889112?
1
What is the tens digit of 815734?
3
What is the hundred thousands digit of 896455?
8
What is the hundred thousands digit of 2314400?
3
What is the ten thousands digit of 75399?
7
What is the thousands digit of 183257?
3
What is the units digit of 67738?
8
What is the ten thousands digit of 444551?
4
What is the tens digit of 688593?
9
What is the thousands digit of 431334?
1
What is the ten thousands digit of 2714371?
1
What is the ten thousands digit of 2946942?
4
What is the ten millions digit of 15163986?
1
What is the units digit of 456956?
6
What is the units digit of 176051?
1
What is the millions digit of 1435744?
1
What is the hundred thousands digit of 110143?
1
What is the units digit of 94707?
7
What is the millions digit of 3871032?
3
What is the thousands digit of 201209?
1
What is the tens digit of 20245?
4
What is the tens digit of 625910?
1
What is the ten thousands digit of 18236314?
3
What is the millions digit of 1144029?
1
What is the tens digit of 30618905?
0
What is the tens digit of 195504?
0
What is the thousands digit of 10835873?
5
What is the hundreds digit of 2270734?
7
What is the ten thousands digit of 152426?
5
What is the hundred thousands digit of 3362806?
3
What is the thousands digit of 1070131?
0
What is the units digit of 1775425?
5
What is the tens digit of 17882033?
3
What is the tens digit of 2121253?
5
What is the ten thousands digit of 2442013?
4
What is the hundred thousands digit of 2845108?
8
What is the thousands digit of 3547099?
7
What is the ten thousands digit of 6702533?
0
What is the tens digit of 831550?
5
What is the ten millions digit of 25330960?
2
What is the hundred thousands digit of 24497284?
4
What is the units digit of 488928?
8
What is the units digit of 154047?
7
What is the units digit of 943700?
0
What is the tens digit of 8769?
6
What is the thousands digit of 597972?
7
What is the hundred thousands digit of 1511336?
5
What is the units digit of 32256486?
6
What is the tens digit of 72739?
3
What is the hundreds digit of 1081763?
7
What is the units digit of 641607?
7
What is the hundreds digit of 979617?
6
What is the thousands digit of 4359627?
9
What is the tens digit of 224698?
9
What is the thousands digit of 264602?
4
What is the hundred thousands digit of 226725?
2
What is the tens digit of 2860765?
6
What is the tens digit of 337454?
5
What is the tens digit of 947004?
0
What is the ten thousands digit of 555773?
5
What is the units digit of 167633?
3
What is the hundred thousands digit of 1629168?
6
What is the ten thousands digit of 194047?
9
What is the hundreds digit of 12016457?
4
What is the hundreds digit of 209617?
6
What is the hundred thousands digit of 1823816?
8
What is the hundred thousands digit of 132457?
1
What is the hundreds digit of 485543?
5
What is the ten thousands digit of 25860?
2
What is the ten thousands digit of 2054068?
5
What is the hundred thousands digit of 12318606?
3
What is the tens digit of 1576095?
9
What is the hundreds digit of 19284156?
1
What is the ten thousands digit of 600551?
0
What is the thousands digit of 40632?
0
What is the ten millions digit of 14462265?
1
What is the units digit of 53773?
3
What is the millions digit of 2595639?
2
What is the millions digit of 19588283?
9
What is the tens digit of 4719080?
8
What is the hundred thousands digit of 786430?
7
What is the tens digit of 60410?
1
What is the hundred thousands digit of 191249?
1
What is the tens digit of 1095012?
1
What is the units digit of 4199436?
6
What is the tens digit of 576856?
5
What is the ten thousands digit of 12147313?
4
What is the tens digit of 1760427?
2
What is the tens digit of 9144733?
3
What is the ten thousands digit of 51131?
5
What is the hundreds digit of 2681749?
7
What is the millions digit of 2016691?
2
What is the hundred thousands digit of 1041569?
0
What is the tens digit of 2080947?
4
What is the thousands digit of 4538349?
8
What is the thousands digit of 9413256?
3
What is the tens digit of 312843?
4
What is the units digit of 3945003?
3
What is the tens digit of 323275?
7
What is the hundreds digit of 723367?
3
What is the tens digit of 8242221?
2
What is the tens digit of 4752132?
3
What is the ten thousands digit of 1137320?
3
What is the hundreds digit of 50138?
1
What is the units digit of 362241?
1
What is the units digit of 210704?
4
What is the millions digit of 11233852?
1
What